
185178
What is -1001121212 (base 4) in base 5?
-32033003
What is -b9d3 (base 14) in base 15?
-97c3
4d4cb (base 14) to base 8
563533
Convert 35240503 (base 7) to base 9.
5747544
20920c (base 14) to base 6
35332020
Convert -1622446 (base 8) to base 16.
-72526
Convert 2042313 (base 6) to base 10.
99045
-3612352 (base 8) to base 3
-1212012211012
Convert 22101121100220 (base 3) to base 11.
2577099
Convert -100010202201 (base 3) to base 7.
-1346320
What is 10123211021 (base 4) in base 5?
244132140
114144233 (base 6) to base 3
11001202002110
Convert -5ac815 (base 14) to base 9.
-5756075
-22222121012 (base 3) to base 13
-62663
What is 2156bb (base 12) in base 2?
10000000111010101111
What is 162556 (base 7) in base 14?
ba2d
What is d40b (base 16) in base 14?
15ad5
Convert -c42b33 (base 13) to base 11.
-2646070
b3c99 (base 16) to base 2
10110011110010011001
Convert -327a51a (base 11) to base 12.
-1b154a0
Convert 741a787 (base 11) to base 4.
301313321220
What is 3248904 (base 12) in base 14?
13a9940
What is 1010100111110110010111 (base 2) in base 8?
12476627
What is -22526 (base 10) in base 14?
-82d0
221160 (base 8) to base 10
74352
-1279d (base 14) to base 2
-1011000101100111
160207 (base 11) to base 4
330310322
Convert -100200112212 (base 3) to base 14.
-4d6b4
-37608 (base 15) to base 16
-2b2da
1074b3 (base 12) to base 7
2136540
-638dbd (base 15) to base 16
-484cb4
2731086 (base 9) to base 4
11231122023
Convert ec095 (base 15) to base 8.
2667516
What is -132433424 (base 6) in base 14?
-4cd2d2
What is -32451513 (base 6) in base 13?
-280029
What is 97772 (base 11) in base 14?
39a7a
What is -132223120 (base 4) in base 9?
-211327
Convert 202211010211 (base 3) to base 6.
12441121
What is 829c74 (base 14) in base 15?
5c09b9
100014356 (base 7) to base 14
aa2466
17016152 (base 10) to base 9
35014685
Convert 55414135 (base 6) to base 15.
22daa8
What is 4622150 (base 8) in base 12?
505ba0
What is -3115b (base 14) in base 13?
-41aa8
What is -44788 (base 11) in base 10?
-64831
What is 721271 (base 9) in base 4?
1220112130
7727 (base 10) to base 15
2452
-147627 (base 9) to base 13
-324bb
Convert -1ccd2b (base 16) to base 9.
-3486176
Convert -63306132 (base 7) to base 4.
-110121113010
What is 583893 (base 10) in base 13?
1759cb
Convert 11052702 (base 8) to base 3.
11110222110110
8192929 (base 10) to base 13
190b1b4
Convert -50351100 (base 6) to base 16.
-15d0ec
130122343 (base 5) to base 16
99bdb
-450001 (base 6) to base 2
-1001001011010001
What is -112022202222 (base 3) in base 8?
-1046550
What is 21120330 (base 4) in base 9?
57673
What is -2140221131 (base 5) in base 16?
-467351
What is bad61 (base 14) in base 3?
211222220210
What is 3137880 (base 11) in base 9?
11357687
Convert 43246106 (base 7) to base 6.
211050402
-a1ade9 (base 16) to base 13
-226cb1b
1320313001 (base 4) to base 11
308a28
Convert 10322212002 (base 4) to base 8.
4724602
4c714 (base 13) to base 10
141808
Convert edc9 (base 15) to base 2.
1100010010111100
Convert 7b2e3 (base 16) to base 7.
4200661
b74ab (base 13) to base 10
330367
What is 2157081 (base 11) in base 7?
44121121
Convert 26a479 (base 13) to base 5.
214433243
What is -2099398 (base 10) in base 13?
-586762
What is 4b2b9 (base 13) in base 14?
38897
-1402358 (base 10) to base 16
-1565f6
What is 1013636 (base 9) in base 14?
1010a0
What is -10658 (base 15) in base 2?
-1100101101011010
Convert 34414104 (base 5) to base 6.
10353345
What is -2b529 (base 14) in base 12?
-52629
28b6c (base 16) to base 3
22110202110
-7eda6 (base 16) to base 8
-1766646
Convert 30a8b (base 12) to base 15.
13d55
Convert 153202 (base 6) to base 14.
565c
What is 22110112200 (base 3) in base 9?
273480
What is 541085 (base 10) in base 14?
10128d
150042 (base 8) to base 12
26a02
Convert 1100100100111001 (base 2) to base 5.
3122023
-1827e0 (base 15) to base 5
-300013120
Convert 158771 (base 9) to base 16.
1800d
What is 1616425 (base 8) in base 9?
780446
Convert -3243313 (base 9) to base 4.
-12221010303
-420241242 (base 5) to base 9
-3222853
What is -6a06a1 (base 11) in base 6?
-35511201
What is -554a43 (base 11) in base 4?
-3120010301
3003110 (base 5) to base 7
254562
What is -1b3aa53 (base 12) in base 5?
-2441213002
What is 26e8b4 (base 16) in base 15?
355810
Convert -19b24d (base 14) to base 15.
-130d28
3440042 (base 6) to base 4
223002122
-175256 (base 13) to base 10
-582614
What is -153404203 (base 6) in base 10?
-3251307
Convert -110101111220 (base 3) to base 6.
-5120553
What is 94a59 (base 11) in base 2?
100001110001111111
What is 28560 (base 10) in base 9?
43153
Convert -5d1ccb (base 14) to base 7.
-36101244
-135012 (base 10) to base 16
-20f64
Convert 59a129 (base 12) to base 11.
8aa0a3
Convert 100010011001100001110 (base 2) to base 3.
2010021012111
Convert -12608a (base 11) to base 8.
-603421
101000000100001100101 (base 2) to base 7
14105415
What is -200221013 (base 4) in base 13?
-48b1b
Convert 57d2 (base 15) to base 9.
27518
Convert 2bd40 (base 14) to base 10.
109620
-110100110011001 (base 2) to base 10
-27033
Convert -179154 (base 13) to base 16.
-9057f
What is c0152a (base 13) in base 10?
4458594
628858 (base 13) to base 7
25403566
-50053 (base 13) to base 15
-2c4ed
What is 188ac9c (base 14) in base 3?
211220021021000
What is -250398 (base 10) in base 14?
-67378
What is -133355 (base 6) in base 8?
-30247
What is 2215789 (base 12) in base 2?
11000110010111100011001
Convert 2122012111001 (base 3) to base 2.
101010110001010010010
446366 (base 7) to base 14
20b6d
112436 (base 10) to base 7
645542
-37062621 (base 8) to base 4
-133012112101
What is -1177020 (base 8) in base 3?
-121121210221
Convert -201250 (base 7) to base 4.
-20110222
Convert 73847c (base 13) to base 7.
31655504
What is -75070 (base 12) in base 16?
-25914
Convert -60942b (base 12) to base 11.
-94093a
Convert -6e8129 (base 15) to base 16.
-50c0e8
Convert 129533 (base 12) to base 8.
1126667
102212210121021 (base 3) to base 6
343200524
12363406 (base 7) to base 6
40035511
Convert -1011011000111000011 (base 2) to base 13.
-100b29
What is 115552041 (base 6) in base 7?
25012450
What is -2124010 (base 8) in base 4?
-2022200020
Convert 275551 (base 9) to base 2.
101001000010111001
10677 (base 13) to base 11
20326
What is 1101010000010 (base 3) in base 2?
10110010010101011101
What is -21121020112 (base 3) in base 9?
-247215
What is 2b1b18 (base 12) in base 11?
458861
Convert -2310650 (base 7) to base 8.
-1063301
-474125 (base 9) to base 11
-185261
What is -1003321441 (base 5) in base 3?
-10210011101201
What is -30385 (base 14) in base 15?
-24553
130915 (base 12) to base 13
ac232
What is -1544275 (base 8) in base 15?
-8bb05
-61a1 (base 13) to base 11
-a147
What is -2793048 (base 10) in base 3?
-12020220100020
a3b48 (base 12) to base 8
642250
Convert -299d4 (base 16) to base 2.
-101001100111010100
Convert -90299 (base 11) to base 13.
-481a0
What is 10100211002 (base 4) in base 16?
110942
24220215 (base 6) to base 2
10111010101100110011
Convert 3266693 (base 10) to base 9.
6128048
Convert 46c9bd (base 15) to base 16.
33a291
111111201120 (base 3) to base 7
2155113
-122002001 (base 5) to base 10
-578376
What is -2341806 (base 9) in base 15?
-1a0906
What is -24691d (base 14) in base 12?
-501b7b
What is 8aa43 (base 11) in base 2?
100000001001101111
Convert -b414 (base 13) to base 3.
-1021002202
What is 130355405 (base 6) in base 3?
11210120120112
Convert -49129 (base 15) to base 7.
-1660464
What is 3300436 (base 7) in base 3?
202111121211
Convert -1255332 (base 6) to base 5.
-4214041
What is -121020002120 (base 3) in base 16?
-4df8b
-9b36c (base 14) to base 12
-161b44
Convert -842a (base 15) to base 14.
-a27a
20400300 (base 6) to base 14
1155a4
2449a3 (base 11) to base 16
5e878
Convert -11001011101101100 (base 2) to base 7.
-613040
Convert 33504 (base 7) to base 13.
3b25
Convert 38a091 (base 13) to base 9.
2508611
-114235 (base 7) to base 10
-20704
710136 (base 8) to base 7
1661644
Convert -20255115 (base 6) to base 9.
-1077682
-856571 (base 11) to base 3
-2120121200012
What is -37c80 (base 14) in base 3?
-20221211010
What is -60122323 (base 7) in base 12?
-17b4631
What is -3991b3 (base 12) in base 11?
-598a63
-210012100000 (base 3) to base 15
-83956
What is -111220020102 (base 3) in base 16?
-42c8c
What is 